{"id":7,"date":"2013-06-12T19:15:26","date_gmt":"2013-06-12T19:15:26","guid":{"rendered":"https:\/\/blog.sylabe.org\/?page_id=7"},"modified":"2013-06-12T19:15:26","modified_gmt":"2013-06-12T19:15:26","slug":"introduction","status":"publish","type":"page","link":"http:\/\/blog.sylabe.org\/?page_id=7","title":{"rendered":"Introduction"},"content":{"rendered":"<h1>Introduction<\/h1>\n<p>Le projet<em> sylabe<\/em> est une impl\u00e9mentation logicielle bas\u00e9e sur le projet <a title=\"nebule\" href=\"http:\/\/blog.nebule.org\/\" target=\"_blank\">nebule<\/a>.<br \/>\nCette impl\u00e9mentation en <a title=\"php\" href=\"http:\/\/php.net\/\" target=\"_blank\">php<\/a> est voulue comme une r\u00e9f\u00e9rence des possibilit\u00e9s offertes par les objets et les liens tels que d\u00e9finis dans <em>nebule<\/em>.<\/p>\n<p>Les syst\u00e8mes informatiques actuels sont incapables de g\u00e9rer directement les objets et les liens. Il n&rsquo;est donc pas possible d&rsquo;utiliser <em>nebule<\/em> nativement. Le projet <em>sylabe<\/em> permet un acc\u00e8s \u00e0 cette nouvelle fa\u00e7on de g\u00e9rer nos informations sans remettre en question fondamentalement l&rsquo;organisation et notamment les syst\u00e8mes d&rsquo;exploitation de notre syst\u00e8me d&rsquo;information.<\/p>\n<p>L&rsquo;interface <em>sylabe<\/em> est une page web destin\u00e9e \u00e0 \u00eatre mise en place sur un serveur pour manipuler des objets et des liens. Cela s&rsquo;apparente tout \u00e0 fait \u00e0 ce qui se fait d\u00e9j\u00e0 commun\u00e9ment : <a title=\"Google\" href=\"http:\/\/www.google.com\/\" target=\"_blank\">Google<\/a> (et sa galaxie de sites), <a title=\"Facebook\" href=\"http:\/\/www.facebook.com\/\" target=\"_blank\">Facebook<\/a>, <a title=\"Twitter\" href=\"http:\/\/twitter.com\/\" target=\"_blank\">Twitter<\/a>, <a title=\"Outlook\" href=\"http:\/\/outlook.com\/\" target=\"_blank\">Outlook<\/a>, <a title=\"Yahoo\" href=\"http:\/\/yahoo.com\/\" target=\"_blank\">Yahoo<\/a> et leurs innombrables concurrents et pr\u00e9tendants&#8230; Tous ces sites sont globalement plus concurrents que compl\u00e9mentaires, et tous sans exception sont ferm\u00e9s \u00e0 leurs concurrents. Cela se traduit pour l&rsquo;utilisateur par la n\u00e9cessit\u00e9 de, soit disposer d&rsquo;un compte sur chaque site, soit de ne fr\u00e9quenter que certains d&rsquo;entre eux, voir un seul. Cela se traduit aussi par l&rsquo;impossibilit\u00e9 d&rsquo;\u00e9changer directement des donn\u00e9es et informations d&rsquo;un site \u00e0 l&rsquo;autre.<br \/>\nLe projet <em>sylabe<\/em> reproduit la concentration des donn\u00e9es vers des serveurs sur l&rsquo;Internet. Il est nativement pr\u00e9vu pour pouvoir \u00eatre implant\u00e9 sur n&rsquo;importe quel serveur web. Et, se basant sur les principes de <em>nebule<\/em>, tout serveur h\u00e9bergeant <em>sylabe<\/em> peut nativement :<\/p>\n<ol>\n<li>g\u00e9rer les identit\u00e9s g\u00e9n\u00e9r\u00e9es par les autres serveurs, que ce soit un utilisateur ou un robot ;<\/li>\n<li>\u00e9changer des donn\u00e9es et des informations avec tous les autres serveurs impl\u00e9mentant <em>nebule<\/em> ;<\/li>\n<li>relayer les donn\u00e9es et les informations d&rsquo;autres serveurs ;<\/li>\n<li>permettre \u00e0 tout utilisateur (connu du serveur) de s&rsquo;y connecter.<\/li>\n<\/ol>\n<p>Gr\u00e2ce \u00e0 IPv6, nous avons la possibilit\u00e9 de r\u00e9ellement connecter toutes les machines sur l&rsquo;Internet. Chacun peut ainsi mettre en place simplement <em>sylabe<\/em> chez lui, ou continuer \u00e0 l&rsquo;utiliser sur un autre serveur de l&rsquo;Internet. Chacun peut devenir individuellement actif.<\/p>\n<p>Enfin, si un jour <em>nebule<\/em> s&rsquo;\u00e9tend \u00e0 toutes les machines et que toutes ces machines l&rsquo;impl\u00e9mentent nativement, alors le projet <em>sylabe<\/em> dispara\u00eetra. Il aura rempli sa mission : permettre une transition douce vers <em>nebule<\/em>.<br \/>\nIl sera vu comme bizarrerie symptomatique d&rsquo;une \u00e9poque.<\/p>\n<p style=\"text-align: center;\">A visiter :<br \/>\n<a title=\"http:\/\/blog.sylabe.org\/\" href=\"http:\/\/blog.sylabe.org\/\" target=\"_blank\">Le blog du projet sylabe<\/a><br \/>\n<a title=\"http:\/\/blog.nebule.org\/\" href=\"http:\/\/blog.nebule.org\/\" target=\"_blank\">Le blog du projet nebule<\/a><br \/>\n::<\/p>\n<p style=\"text-align: center;\">(2013)<\/p>\n","protected":false},"excerpt":{"rendered":"<p>Introduction Le projet sylabe est une impl\u00e9mentation logicielle bas\u00e9e sur le projet nebule. Cette impl\u00e9mentation en php est voulue comme une r\u00e9f\u00e9rence des possibilit\u00e9s offertes par les objets et les liens tels que d\u00e9finis dans nebule. Les syst\u00e8mes informatiques actuels sont incapables de g\u00e9rer directement les objets et les liens. Il n&rsquo;est donc pas possible &hellip; <a href=\"http:\/\/blog.sylabe.org\/?page_id=7\" class=\"more-link\">Continuer la lecture de <span class=\"screen-reader-text\">Introduction<\/span><\/a><\/p>\n","protected":false},"author":1,"featured_media":0,"parent":0,"menu_order":1,"comment_status":"open","ping_status":"open","template":"","meta":[],"_links":{"self":[{"href":"http:\/\/blog.sylabe.org\/index.php?rest_route=\/wp\/v2\/pages\/7"}],"collection":[{"href":"http:\/\/blog.sylabe.org\/index.php?rest_route=\/wp\/v2\/pages"}],"about":[{"href":"http:\/\/blog.sylabe.org\/index.php?rest_route=\/wp\/v2\/types\/page"}],"author":[{"embeddable":true,"href":"http:\/\/blog.sylabe.org\/index.php?rest_route=\/wp\/v2\/users\/1"}],"replies":[{"embeddable":true,"href":"http:\/\/blog.sylabe.org\/index.php?rest_route=%2Fwp%2Fv2%2Fcomments&post=7"}],"version-history":[{"count":0,"href":"http:\/\/blog.sylabe.org\/index.php?rest_route=\/wp\/v2\/pages\/7\/revisions"}],"wp:attachment":[{"href":"http:\/\/blog.sylabe.org\/index.php?rest_route=%2Fwp%2Fv2%2Fmedia&parent=7"}],"curies":[{"name":"wp","href":"https:\/\/api.w.org\/{rel}","templated":true}]}}